{"id":8,"date":"2012-10-07T06:18:24","date_gmt":"2012-10-07T06:18:24","guid":{"rendered":"http:\/\/virgendelafuente.org\/?page_id=8"},"modified":"2024-08-15T19:07:10","modified_gmt":"2024-08-15T19:07:10","slug":"les-clavarieses","status":"publish","type":"page","link":"https:\/\/marededeudelafont.org\/?page_id=8","title":{"rendered":"Les Majoralesses"},"content":{"rendered":"<p>Les majoralesses son un grup de dones que estan a c\u00e0rrec de tindre cura de la Mare de D\u00e9u de la Font i de la Capella on es guarda i de fer la festa de la Patrona que es celebra cada 17 d\u2019agost. \u00a0Aquest grup es renova cada any. La tradici\u00f3 diu que el dia de Corpus les integrants del nou grup van a la process\u00f3 de la santa Cust\u00f2dia vestides de color i acompanyant al grup que eixe any fa la festa que sempre van vestides de negre; a l\u2019endem\u00e0 del 17 d\u2019agost les majoralesses entreguen les claus de la capella al nou grup i aix\u00ed va fent-se tots els anys.<\/p>\n<p>El grup no te un n\u00famero de components fixe. Unes amigues es comboiaven i es decidien a passar tot l\u2019any pendents de totes les tasques que comporta ser majoralesa. Hi havia anys que calia reservar torn per optar a formar part del grup. Malauradament el canvi en els costums i el mode de vida actual ha fet que es perdera eixa voluntarietat i ha costat algun any trobar gent per formar un grup. Abans, les \u201cxiques\u201d solien ser fadrines i molt joves; hui fins i tot hi ha dones que han repetit.<\/p>\n<p>Fa molts anys les majoralesses eixien els diumenges pel poble resant el rosari i anaven arreplegant gallets casa per casa amb la ben coneguda frase de \u201dLa voluntat per a la Mare de D\u00e9u\u201d. A poc a poc tot a\u00e7\u00f2 ha canviat; El rosari va deixar de resar-se pel poble i nom\u00e9s es demanava; \u00a0tamb\u00e9 eixir cada diumenge a arreplegar diners ha deixat de fer-se. De vegades quan la majorasesa deia:aix\u00f2 de \u201cla voluntat per a la Mare de D\u00e9u,\u201d la contestaci\u00f3 era \u201cla Mare de D\u00e9u ni menja ni beu\u201d, una manera de dir que no hi havia voluntat o que no hi havia diners o ambdues coses. De tota mena, la gent del poble sempre ha sigut molt generosa amb la festa d\u2019Agost<\/p>\n<p>Una altra manera de suport econ\u00f2mic era la venda setmanal de loteria jugant des de fa m\u00e9s de 30 anys al n\u00famero 28.835. Els diners que s\u2019arreplegaven b\u00e0sicament s\u2019empraven en manteniment de la capella i en fer la festa; cada grup ha procurat deixar la seva empremta en la capella amb els diners que arreplegaven: pintar la fa\u00e7ana, renovar les portes, canviar les l\u00e0mpares, canviar les tovalloles de l\u2019altar, restaurar les andes,&#8230;<\/p>\n<p>Les majoralesses s\u2019encarreguen d\u2019obrir les portes per a que la gent puga anar a fer algun prec a la Mare de D\u00e9u de la Font o encendre algun ciri per demanar el seu favor, de tindre-ho tot a punt quan alguna parella va a casar-se \u2013perqu\u00e8 tradicionalment la gent del poble es casa en la Capella i no en l\u2019esgl\u00e8sia-, de que tot estiga net, de donar el suport necessari per a que Vicent Estevan \u201cel pintor\u201d treballe en la tradicional \u201cTapiss\u201d de Corpus, i tota una s\u00e8rie de tasques que les majoralesses acompleixen amb la il\u00b7lusi\u00f3 de poder mantenir any rere any una tradici\u00f3 tan arrelada al nostre poble.<\/p>\n<p style=\"text-align: center;\"><a href='https:\/\/www.marededeudelafont.org\/?page_id=559' class='small-button smallsilver'>\u00c1lbum de Fotos<\/a><\/p>\n","protected":false},"excerpt":{"rendered":"<p>Les majoralesses son un grup de dones que estan a c\u00e0rrec de tindre cura de la Mare de D\u00e9u de la Font i de la Capella on es guarda i de fer la festa de la Patrona que es celebra cada 17 d\u2019agost. \u00a0Aquest grup es renova cada any. La tradici\u00f3 diu que el dia [&hellip;]<\/p>\n","protected":false},"author":1,"featured_media":0,"parent":0,"menu_order":0,"comment_status":"open","ping_status":"open","template":"","meta":{"footnotes":""},"class_list":["post-8","page","type-page","status-publish","hentry"],"_links":{"self":[{"href":"https:\/\/marededeudelafont.org\/index.php?rest_route=\/wp\/v2\/pages\/8","targetHints":{"allow":["GET"]}}],"collection":[{"href":"https:\/\/marededeudelafont.org\/index.php?rest_route=\/wp\/v2\/pages"}],"about":[{"href":"https:\/\/marededeudelafont.org\/index.php?rest_route=\/wp\/v2\/types\/page"}],"author":[{"embeddable":true,"href":"https:\/\/marededeudelafont.org\/index.php?rest_route=\/wp\/v2\/users\/1"}],"replies":[{"embeddable":true,"href":"https:\/\/marededeudelafont.org\/index.php?rest_route=%2Fwp%2Fv2%2Fcomments&post=8"}],"version-history":[{"count":19,"href":"https:\/\/marededeudelafont.org\/index.php?rest_route=\/wp\/v2\/pages\/8\/revisions"}],"predecessor-version":[{"id":1142,"href":"https:\/\/marededeudelafont.org\/index.php?rest_route=\/wp\/v2\/pages\/8\/revisions\/1142"}],"wp:attachment":[{"href":"https:\/\/marededeudelafont.org\/index.php?rest_route=%2Fwp%2Fv2%2Fmedia&parent=8"}],"curies":[{"name":"wp","href":"https:\/\/api.w.org\/{rel}","templated":true}]}}

<p>Les majoralesses son un grup de dones que estan a càrrec de tindre cura de la Mare de Déu de la Font i de la Capella on es guarda i de fer la festa de la Patrona que es celebra cada 17 d’agost.  Aquest grup es renova cada any. La tradició diu que el dia de Corpus les integrants del nou grup van a la processó de la santa Custòdia vestides de color i acompanyant al grup que eixe any fa la festa que sempre van vestides de negre; a l’endemà del 17 d’agost les majoralesses entreguen les claus de la capella al nou grup i així va fent-se tots els anys.</p>
<p>El grup no te un número de components fixe. Unes amigues es comboiaven i es decidien a passar tot l’any pendents de totes les tasques que comporta ser majoralesa. Hi havia anys que calia reservar torn per optar a formar part del grup. Malauradament el canvi en els costums i el mode de vida actual ha fet que es perdera eixa voluntarietat i ha costat algun any trobar gent per formar un grup. Abans, les “xiques” solien ser fadrines i molt joves; hui fins i tot hi ha dones que han repetit.</p>
<p>Fa molts anys les majoralesses eixien els diumenges pel poble resant el rosari i anaven arreplegant gallets casa per casa amb la ben coneguda frase de ”La voluntat per a la Mare de Déu”. A poc a poc tot açò ha canviat; El rosari va deixar de resar-se pel poble i només es demanava;  també eixir cada diumenge a arreplegar diners ha deixat de fer-se. De vegades quan la majorasesa deia:això de “la voluntat per a la Mare de Déu,” la contestació era “la Mare de Déu ni menja ni beu”, una manera de dir que no hi havia voluntat o que no hi havia diners o ambdues coses. De tota mena, la gent del poble sempre ha sigut molt generosa amb la festa d’Agost</p>
<p>Una altra manera de suport econòmic era la venda setmanal de loteria jugant des de fa més de 30 anys al número 28.835. Els diners que s’arreplegaven bàsicament s’empraven en manteniment de la capella i en fer la festa; cada grup ha procurat deixar la seva empremta en la capella amb els diners que arreplegaven: pintar la façana, renovar les portes, canviar les làmpares, canviar les tovalloles de l’altar, restaurar les andes,&#8230;</p>
<p>Les majoralesses s’encarreguen d’obrir les portes per a que la gent puga anar a fer algun prec a la Mare de Déu de la Font o encendre algun ciri per demanar el seu favor, de tindre-ho tot a punt quan alguna parella va a casar-se –perquè tradicionalment la gent del poble es casa en la Capella i no en l’esglèsia-, de que tot estiga net, de donar el suport necessari per a que Vicent Estevan “el pintor” treballe en la tradicional “Tapiss” de Corpus, i tota una sèrie de tasques que les majoralesses acompleixen amb la il·lusió de poder mantenir any rere any una tradició tan arrelada al nostre poble.</p>
<p style="text-align: center;"><a href='https://www.marededeudelafont.org/?page_id=559' class='small-button smallsilver'>Álbum de Fotos</a></p>

<p>Les majoralesses son un grup de dones que estan a càrrec de tindre cura de la Mare de Déu de la Font i de la Capella on es guarda i de fer la festa de la Patrona que es celebra cada 17 d’agost.  Aquest grup es renova cada any. La tradició diu que el dia [&hellip;]</p>
