{"id":650,"date":"2013-08-16T11:33:11","date_gmt":"2013-08-16T11:33:11","guid":{"rendered":"http:\/\/www.marededeudelafont.org\/?page_id=650"},"modified":"2014-10-12T06:47:15","modified_gmt":"2014-10-12T06:47:15","slug":"viatje-a-valencia-1954","status":"publish","type":"page","link":"https:\/\/marededeudelafont.org\/?page_id=650","title":{"rendered":"Viatje a Val\u00e9ncia en 1954"},"content":{"rendered":"<p>El 9 d\u00b4octubre de 1954 la nostra patrona va viatjar fins a Val\u00e9ncia per participar en la coronaci\u00f3 de la Mare de D\u00e9u del Puig y la proclamaci\u00f3 del \u201c<em>voto medicionista<\/em>\u201d. Va ser una de les 34 imatges m\u00e9s venerades de la Mare de D\u00e9u, escollida per la seua hist\u00f2ria i renom, va real\u00e7ar l\u00b4acte.<\/p>\n<p>La Mare de D\u00e9u de La Font en process\u00f3, eixint per la porta dels Ap\u00f2stols de la Catedral de Val\u00e9ncia va recorrer els carrers de Serrans, San Bartolom\u00e9, Caballers y la pla\u00e7a de la Verge.<\/p>\n<p>&nbsp;<\/p>\n<p><a href=\"http:\/\/www.marededeudelafont.org\/?attachment_id=655\" rel=\"attachment wp-att-655\"><img loading=\"lazy\" decoding=\"async\" class=\"aligncenter size-full wp-image-655\" title=\"viatje de la mare de deu de la font a Valencia en 1954\" src=\"http:\/\/www.marededeudelafont.org\/wp-content\/uploads\/2013\/08\/Valencia-1954bn1.jpg\" alt=\"viatje de la mare de deu de la font a Valencia en 1954\" width=\"810\" height=\"1134\" srcset=\"https:\/\/marededeudelafont.org\/wp-content\/uploads\/2013\/08\/Valencia-1954bn1.jpg 810w, https:\/\/marededeudelafont.org\/wp-content\/uploads\/2013\/08\/Valencia-1954bn1-428x600.jpg 428w, https:\/\/marededeudelafont.org\/wp-content\/uploads\/2013\/08\/Valencia-1954bn1-731x1024.jpg 731w\" sizes=\"auto, (max-width: 810px) 100vw, 810px\" \/><\/a><\/p>\n<p>&nbsp;<\/p>\n<p>Nombrosos devots de la Mare de D\u00e9u de la Font acompanyant la seua patrona pels carrers de Val\u00e9ncia.<\/p>\n<p><img loading=\"lazy\" decoding=\"async\" class=\"size-full wp-image-724 aligncenter\" src=\"http:\/\/www.marededeudelafont.org\/wp-content\/uploads\/2013\/08\/Valencia1954_2.jpg\" alt=\"Valencia1954_2\" width=\"673\" height=\"1024\" srcset=\"https:\/\/marededeudelafont.org\/wp-content\/uploads\/2013\/08\/Valencia1954_2.jpg 673w, https:\/\/marededeudelafont.org\/wp-content\/uploads\/2013\/08\/Valencia1954_2-394x600.jpg 394w\" sizes=\"auto, (max-width: 673px) 100vw, 673px\" \/><\/p>\n<p><a href=\"http:\/\/www.marededeudelafont.org\/wp-content\/uploads\/2013\/08\/Valencia1954_2.jpg\"><br \/>\n<\/a> <a href=\"http:\/\/www.marededeudelafont.org\/wp-content\/uploads\/2013\/08\/M.D.Font-Torres-Serrans-Valencia-1954.jpg\"><img loading=\"lazy\" decoding=\"async\" class=\"wp-image-725 size-full aligncenter\" src=\"http:\/\/www.marededeudelafont.org\/wp-content\/uploads\/2013\/08\/M.D.Font-Torres-Serrans-Valencia-1954.jpg\" alt=\"M.D.Font Torres Serrans Valencia 1954\" width=\"667\" height=\"928\" srcset=\"https:\/\/marededeudelafont.org\/wp-content\/uploads\/2013\/08\/M.D.Font-Torres-Serrans-Valencia-1954.jpg 667w, https:\/\/marededeudelafont.org\/wp-content\/uploads\/2013\/08\/M.D.Font-Torres-Serrans-Valencia-1954-431x600.jpg 431w\" sizes=\"auto, (max-width: 667px) 100vw, 667px\" \/><\/a><\/p>\n","protected":false},"excerpt":{"rendered":"<p>El 9 d\u00b4octubre de 1954 la nostra patrona va viatjar fins a Val\u00e9ncia per participar en la coronaci\u00f3 de la Mare de D\u00e9u del Puig y la proclamaci\u00f3 del \u201cvoto medicionista\u201d. Va ser una de les 34 imatges m\u00e9s venerades de la Mare de D\u00e9u, escollida per la seua hist\u00f2ria i renom, va real\u00e7ar l\u00b4acte. [&hellip;]<\/p>\n","protected":false},"author":1,"featured_media":0,"parent":305,"menu_order":0,"comment_status":"closed","ping_status":"closed","template":"","meta":{"footnotes":""},"class_list":["post-650","page","type-page","status-publish","hentry"],"_links":{"self":[{"href":"https:\/\/marededeudelafont.org\/index.php?rest_route=\/wp\/v2\/pages\/650","targetHints":{"allow":["GET"]}}],"collection":[{"href":"https:\/\/marededeudelafont.org\/index.php?rest_route=\/wp\/v2\/pages"}],"about":[{"href":"https:\/\/marededeudelafont.org\/index.php?rest_route=\/wp\/v2\/types\/page"}],"author":[{"embeddable":true,"href":"https:\/\/marededeudelafont.org\/index.php?rest_route=\/wp\/v2\/users\/1"}],"replies":[{"embeddable":true,"href":"https:\/\/marededeudelafont.org\/index.php?rest_route=%2Fwp%2Fv2%2Fcomments&post=650"}],"version-history":[{"count":8,"href":"https:\/\/marededeudelafont.org\/index.php?rest_route=\/wp\/v2\/pages\/650\/revisions"}],"predecessor-version":[{"id":728,"href":"https:\/\/marededeudelafont.org\/index.php?rest_route=\/wp\/v2\/pages\/650\/revisions\/728"}],"up":[{"embeddable":true,"href":"https:\/\/marededeudelafont.org\/index.php?rest_route=\/wp\/v2\/pages\/305"}],"wp:attachment":[{"href":"https:\/\/marededeudelafont.org\/index.php?rest_route=%2Fwp%2Fv2%2Fmedia&parent=650"}],"curies":[{"name":"wp","href":"https:\/\/api.w.org\/{rel}","templated":true}]}}

Viatje a Valéncia en 1954

<p>El 9 d´octubre de 1954 la nostra patrona va viatjar fins a Valéncia per participar en la coronació de la Mare de Déu del Puig y la proclamació del “<em>voto medicionista</em>”. Va ser una de les 34 imatges més venerades de la Mare de Déu, escollida per la seua història i renom, va realçar l´acte.</p>
<p>La Mare de Déu de La Font en processó, eixint per la porta dels Apòstols de la Catedral de Valéncia va recorrer els carrers de Serrans, San Bartolomé, Caballers y la plaça de la Verge.</p>
<p>&nbsp;</p>
<p><a href="http://www.marededeudelafont.org/?attachment_id=655" rel="attachment wp-att-655"><img loading="lazy" decoding="async" class="aligncenter size-full wp-image-655" title="viatje de la mare de deu de la font a Valencia en 1954" src="http://www.marededeudelafont.org/wp-content/uploads/2013/08/Valencia-1954bn1.jpg" alt="viatje de la mare de deu de la font a Valencia en 1954" width="810" height="1134" srcset="https://marededeudelafont.org/wp-content/uploads/2013/08/Valencia-1954bn1.jpg 810w, https://marededeudelafont.org/wp-content/uploads/2013/08/Valencia-1954bn1-428x600.jpg 428w, https://marededeudelafont.org/wp-content/uploads/2013/08/Valencia-1954bn1-731x1024.jpg 731w" sizes="auto, (max-width: 810px) 100vw, 810px" /></a></p>
<p>&nbsp;</p>
<p>Nombrosos devots de la Mare de Déu de la Font acompanyant la seua patrona pels carrers de Valéncia.</p>
<p><img loading="lazy" decoding="async" class="size-full wp-image-724 aligncenter" src="http://www.marededeudelafont.org/wp-content/uploads/2013/08/Valencia1954_2.jpg" alt="Valencia1954_2" width="673" height="1024" srcset="https://marededeudelafont.org/wp-content/uploads/2013/08/Valencia1954_2.jpg 673w, https://marededeudelafont.org/wp-content/uploads/2013/08/Valencia1954_2-394x600.jpg 394w" sizes="auto, (max-width: 673px) 100vw, 673px" /></p>
<p><a href="http://www.marededeudelafont.org/wp-content/uploads/2013/08/Valencia1954_2.jpg"><br />
</a> <a href="http://www.marededeudelafont.org/wp-content/uploads/2013/08/M.D.Font-Torres-Serrans-Valencia-1954.jpg"><img loading="lazy" decoding="async" class="wp-image-725 size-full aligncenter" src="http://www.marededeudelafont.org/wp-content/uploads/2013/08/M.D.Font-Torres-Serrans-Valencia-1954.jpg" alt="M.D.Font Torres Serrans Valencia 1954" width="667" height="928" srcset="https://marededeudelafont.org/wp-content/uploads/2013/08/M.D.Font-Torres-Serrans-Valencia-1954.jpg 667w, https://marededeudelafont.org/wp-content/uploads/2013/08/M.D.Font-Torres-Serrans-Valencia-1954-431x600.jpg 431w" sizes="auto, (max-width: 667px) 100vw, 667px" /></a></p>

<p>El 9 d´octubre de 1954 la nostra patrona va viatjar fins a Valéncia per participar en la coronació de la Mare de Déu del Puig y la proclamació del “voto medicionista”. Va ser una de les 34 imatges més venerades de la Mare de Déu, escollida per la seua història i renom, va realçar l´acte. [&hellip;]</p>
