{"id":1157,"date":"2025-08-16T10:56:20","date_gmt":"2025-08-16T10:56:20","guid":{"rendered":"https:\/\/marededeudelafont.org\/?page_id=1157"},"modified":"2025-08-16T10:57:19","modified_gmt":"2025-08-16T10:57:19","slug":"agenda-2-2-2","status":"publish","type":"page","link":"https:\/\/marededeudelafont.org\/?page_id=1157","title":{"rendered":"Agenda Agost 2025"},"content":{"rendered":"\n<p><\/p>\n\n\n\n<p><\/p>\n\n\n<h1>Actes<\/h1>\n<p>A continuaci\u00f3 els mostrem els actes de devoci\u00f3 a la Mare de D\u00e9u de la Font<\/p>\n<h1>14 d\u00b4Agost \/ Vespra de Festes<\/h1>\n<div class='et-box et-shadow'>\r\n\t\t\t\t\t<div class='et-box-content'><ul>\n<li>22:00 h. Trobada de \u00abfarolets\u00bb davant de la Casa de la Cultura i passa-carrer acompa\u00f1ants de la dol\u00e7aina i el tabalet.<\/li>\n<\/ul><\/div><\/div>\n<h1>\u00a0<\/h1>\n<h1>15 d\u00b4Agost \/ Festivitat de la Mare de Deu d&#8217;Agost, Festa de les Paelles<\/h1>\n<div class='et-box et-shadow'>\r\n\t\t\t\t\t<div class='et-box-content'><ul>\n<li>09.00 h. Missa<\/li>\n<\/ul>\n<p style=\"padding-left: 80px;\">Dinar al Passeig, previa adquisici\u00f3 de tickets (dimarts i divendres a la pla\u00e7a de la Capella, fins al d\u00eda 8 d&#8217;agost)-7 euros: plat de paella, beguda, taula i cadira<\/p>\n<ul>\n<li>13:00 h. Volteig general de campanes.<\/li>\n<li>14:00 h. Tots a dinar.<\/li>\n<li>16:00 h. \u00abCord\u00e0 d&#8217;espuma\u00bb amenitzada del DJ local Jos\u00e9 Ripoll al passeig.<\/li>\n<\/ul><\/div><\/div>\n<h1>\u00a0<\/h1>\n<h1>16 d\u00b4Agost \/ Festivitat de Sant Lloren\u00e7, Patro del barri de Cais<\/h1>\n<div class='et-box et-shadow'>\r\n\t\t\t\t\t<div class='et-box-content'><ul>\n<li>13:00 h. Volteig general de campanes.<\/li>\n<li>19:30 h. Passa-carrer a c\u00e0rrec de la Banda de M\u00fasica de Villalonga<\/li>\n<li>20:30 h. Missa a la capelleta de Sant Lloren\u00e7.<\/li>\n<\/ul>\n<p style=\"padding-left: 40px;\">A continuaci\u00f3, Process\u00f3 pels carrers de Cais.Focs artificials, en arribar Sant Lloren\u00e7 a la seua capella<\/p>\n<ul>\n<li>22:00 Tots a sopar als carrers de Cais.<\/li>\n<li>23:00 Ball al carrer de Sant Lloren\u00e7<\/li>\n<\/ul><\/div><\/div>\n<h1>\u00a0<\/h1>\n<h1>17 d\u00b4Agost \/ Festivitat de la Mare de D\u00e9u de la Font<\/h1>\n<div class='et-box et-shadow'>\r\n\t\t\t\t\t<div class='et-box-content'><ul>\n<li>08:00 h. Volteig general de campanes i \u00abdespert\u00e0\u00bb<\/li>\n<li>09:30 h. Passa-carrer a c\u00e0rrec de la Banda de M\u00fasica de Villalonga<\/li>\n<\/ul>\n<p style=\"padding-left: 40px;\">A partir de les 11:00 i al llarg de tot el d\u00eda:Tobogan aqu\u00e0tic de 70 metres al p\u00e0rquing de Dulcesol<\/p>\n<ul>\n<li>11:00 h. Recollida de les Majoralesses.<\/li>\n<li>12.00 h Trasllat de la Nostra Patrona desde la Capella fins a l\u00b4Esgl\u00e8sia, acompanyada per vint-i-una salves.\n<p>A continuaci\u00f3: Solemne Misa a la Nostra Patrona cantada per la Coral \u00abRenaixen\u00e7a\u00bb.<\/p>\n<p>Queden Convidades les Majoralesses que fal el 25 o 50 aniversari:<strong>Majoralesses 2000<\/strong>Eva Mart\u00ednez Dur\u00e1Eugenia Poquet Dur\u00e1nIrene Arlandis MascarellCarmina P\u00e9rez MascarellM\u00aa Fuente Benavent FerrandoAlmudena SanPablo SerqueraTania Boronat Ribes<\/p>\n<p><strong>Majoralesses 1975<\/strong>M\u00aa\u00a0 Mascarell RocherJosefa Dur\u00e1 VilataAmparo Estevan MorellIsabel Escriv\u00e1 Giron\u00e9sRosa P\u00e9rez Rocher<\/p>\n<\/li>\n<li>\n<p>13:30 h .\u00a0 Masclet\u00e0. A continuaci\u00f3 \u00abvi d&#8217;honor\u00bb al Passeig.<\/p>\n<\/li>\n<li>17:00 h. Tobogan aqu\u00e0tic de 70 metres al p\u00e0rquing de Dulcesol amb b erenar popular amb orxata, granissat de llima i fartons al p\u00e0rquing de Dulcesol fins a les 19:00<\/li>\n<li>20:30 h. Recollida de les Majoralesses.<\/li>\n<li>21:30 h. Solemne process\u00f3 pels carrers de costum.<\/li>\n<\/ul>\n<p style=\"padding-left: 80px;\">En finalitzar la process\u00f3 es disparar\u00e0 un castell de focs artificials.<\/p>\n<ul>\n<li>23:00 Sopar popular al Passeig amenitzat per Pacific Blue<\/li>\n<li>00:30h y dins a les 05:30 Macrodiscom\u00f2bil Sansaru on Tur a l&#8217;aparcament de Dulcesol<\/li>\n<\/ul><\/div><\/div>\n<p>&nbsp;<\/p>\n<p><strong>Les Majoralesses els desitjen que passen unes molt bones festes.<\/strong><\/p>\n<h2 style=\"text-align: center;\"><strong>\u00a1 VISCA LA MARE DE DEU DE LA FONT \u00a1<\/strong><\/h2>","protected":false},"excerpt":{"rendered":"<p>Actes A continuaci\u00f3 els mostrem els actes de devoci\u00f3 a la Mare de D\u00e9u de la Font 14 d\u00b4Agost \/ Vespra de Festes \u00a0 15 d\u00b4Agost \/ Festivitat de la Mare de Deu d&#8217;Agost, Festa de les Paelles \u00a0 16 d\u00b4Agost \/ Festivitat de Sant Lloren\u00e7, Patro del barri de Cais \u00a0 17 d\u00b4Agost \/ [&hellip;]<\/p>\n","protected":false},"author":1,"featured_media":0,"parent":0,"menu_order":0,"comment_status":"closed","ping_status":"closed","template":"","meta":{"footnotes":""},"class_list":["post-1157","page","type-page","status-publish","hentry"],"_links":{"self":[{"href":"https:\/\/marededeudelafont.org\/index.php?rest_route=\/wp\/v2\/pages\/1157","targetHints":{"allow":["GET"]}}],"collection":[{"href":"https:\/\/marededeudelafont.org\/index.php?rest_route=\/wp\/v2\/pages"}],"about":[{"href":"https:\/\/marededeudelafont.org\/index.php?rest_route=\/wp\/v2\/types\/page"}],"author":[{"embeddable":true,"href":"https:\/\/marededeudelafont.org\/index.php?rest_route=\/wp\/v2\/users\/1"}],"replies":[{"embeddable":true,"href":"https:\/\/marededeudelafont.org\/index.php?rest_route=%2Fwp%2Fv2%2Fcomments&post=1157"}],"version-history":[{"count":2,"href":"https:\/\/marededeudelafont.org\/index.php?rest_route=\/wp\/v2\/pages\/1157\/revisions"}],"predecessor-version":[{"id":1159,"href":"https:\/\/marededeudelafont.org\/index.php?rest_route=\/wp\/v2\/pages\/1157\/revisions\/1159"}],"wp:attachment":[{"href":"https:\/\/marededeudelafont.org\/index.php?rest_route=%2Fwp%2Fv2%2Fmedia&parent=1157"}],"curies":[{"name":"wp","href":"https:\/\/api.w.org\/{rel}","templated":true}]}}

<p></p>



<p></p>


<h1>Actes</h1>
<p>A continuació els mostrem els actes de devoció a la Mare de Déu de la Font</p>
<h1>14 d´Agost / Vespra de Festes</h1>
<div class='et-box et-shadow'>
					<div class='et-box-content'><ul>
<li>22:00 h. Trobada de «farolets» davant de la Casa de la Cultura i passa-carrer acompañants de la dolçaina i el tabalet.</li>
</ul></div></div>
<h1> </h1>
<h1>15 d´Agost / Festivitat de la Mare de Deu d&#8217;Agost, Festa de les Paelles</h1>
<div class='et-box et-shadow'>
					<div class='et-box-content'><ul>
<li>09.00 h. Missa</li>
</ul>
<p style="padding-left: 80px;">Dinar al Passeig, previa adquisició de tickets (dimarts i divendres a la plaça de la Capella, fins al día 8 d&#8217;agost)-7 euros: plat de paella, beguda, taula i cadira</p>
<ul>
<li>13:00 h. Volteig general de campanes.</li>
<li>14:00 h. Tots a dinar.</li>
<li>16:00 h. «Cordà d&#8217;espuma» amenitzada del DJ local José Ripoll al passeig.</li>
</ul></div></div>
<h1> </h1>
<h1>16 d´Agost / Festivitat de Sant Llorenç, Patro del barri de Cais</h1>
<div class='et-box et-shadow'>
					<div class='et-box-content'><ul>
<li>13:00 h. Volteig general de campanes.</li>
<li>19:30 h. Passa-carrer a càrrec de la Banda de Música de Villalonga</li>
<li>20:30 h. Missa a la capelleta de Sant Llorenç.</li>
</ul>
<p style="padding-left: 40px;">A continuació, Processó pels carrers de Cais.Focs artificials, en arribar Sant Llorenç a la seua capella</p>
<ul>
<li>22:00 Tots a sopar als carrers de Cais.</li>
<li>23:00 Ball al carrer de Sant Llorenç</li>
</ul></div></div>
<h1> </h1>
<h1>17 d´Agost / Festivitat de la Mare de Déu de la Font</h1>
<div class='et-box et-shadow'>
					<div class='et-box-content'><ul>
<li>08:00 h. Volteig general de campanes i «despertà»</li>
<li>09:30 h. Passa-carrer a càrrec de la Banda de Música de Villalonga</li>
</ul>
<p style="padding-left: 40px;">A partir de les 11:00 i al llarg de tot el día:Tobogan aquàtic de 70 metres al pàrquing de Dulcesol</p>
<ul>
<li>11:00 h. Recollida de les Majoralesses.</li>
<li>12.00 h Trasllat de la Nostra Patrona desde la Capella fins a l´Esglèsia, acompanyada per vint-i-una salves.
<p>A continuació: Solemne Misa a la Nostra Patrona cantada per la Coral «Renaixença».</p>
<p>Queden Convidades les Majoralesses que fal el 25 o 50 aniversari:<strong>Majoralesses 2000</strong>Eva Martínez DuráEugenia Poquet DuránIrene Arlandis MascarellCarmina Pérez MascarellMª Fuente Benavent FerrandoAlmudena SanPablo SerqueraTania Boronat Ribes</p>
<p><strong>Majoralesses 1975</strong>Mª  Mascarell RocherJosefa Durá VilataAmparo Estevan MorellIsabel Escrivá GironésRosa Pérez Rocher</p>
</li>
<li>
<p>13:30 h .  Mascletà. A continuació «vi d&#8217;honor» al Passeig.</p>
</li>
<li>17:00 h. Tobogan aquàtic de 70 metres al pàrquing de Dulcesol amb b erenar popular amb orxata, granissat de llima i fartons al pàrquing de Dulcesol fins a les 19:00</li>
<li>20:30 h. Recollida de les Majoralesses.</li>
<li>21:30 h. Solemne processó pels carrers de costum.</li>
</ul>
<p style="padding-left: 80px;">En finalitzar la processó es dispararà un castell de focs artificials.</p>
<ul>
<li>23:00 Sopar popular al Passeig amenitzat per Pacific Blue</li>
<li>00:30h y dins a les 05:30 Macrodiscomòbil Sansaru on Tur a l&#8217;aparcament de Dulcesol</li>
</ul></div></div>
<p>&nbsp;</p>
<p><strong>Les Majoralesses els desitjen que passen unes molt bones festes.</strong></p>
<h2 style="text-align: center;"><strong>¡ VISCA LA MARE DE DEU DE LA FONT ¡</strong></h2>

<p>Actes A continuació els mostrem els actes de devoció a la Mare de Déu de la Font 14 d´Agost / Vespra de Festes   15 d´Agost / Festivitat de la Mare de Deu d&#8217;Agost, Festa de les Paelles   16 d´Agost / Festivitat de Sant Llorenç, Patro del barri de Cais   17 d´Agost / [&hellip;]</p>
